{"version":"1.0","provider_name":"Deutscher Tempelherren-Orden","provider_url":"https:\/\/tempelherrenorden.de\/cms","author_name":"Redaktion","author_url":"https:\/\/tempelherrenorden.de\/cms\/author\/redaktion\/","title":"Gr\u00fcndungsgottesdienst des Ordenshauses Berlin-Brandenburg &#8226; Deutscher Tempelherren-Orden","type":"rich","width":600,"height":338,"html":"<blockquote class=\"wp-embedded-content\" data-secret=\"cDjg554fGX\"><a href=\"https:\/\/tempelherrenorden.de\/cms\/gruendungsgottesdienst-des-ordenshauses-berlin-brandenburg\/\">Gr\u00fcndungsgottesdienst des Ordenshauses Berlin-Brandenburg<\/a><\/blockquote><iframe sandbox=\"allow-scripts\" security=\"restricted\" src=\"https:\/\/tempelherrenorden.de\/cms\/gruendungsgottesdienst-des-ordenshauses-berlin-brandenburg\/embed\/#?secret=cDjg554fGX\" width=\"600\" height=\"338\" title=\"&#8222;Gr\u00fcndungsgottesdienst des Ordenshauses Berlin-Brandenburg&#8220; &#8211; Deutscher Tempelherren-Orden\" data-secret=\"cDjg554fGX\" frameborder=\"0\" marginwidth=\"0\" marginheight=\"0\" scrolling=\"no\" class=\"wp-embedded-content\"><\/iframe><script type=\"text\/javascript\">\n\/* <![CDATA[ *\/\n\/*! This file is auto-generated *\/\n!function(d,l){\"use strict\";l.querySelector&&d.addEventListener&&\"undefined\"!=typeof URL&&(d.wp=d.wp||{},d.wp.receiveEmbedMessage||(d.wp.receiveEmbedMessage=function(e){var t=e.data;if((t||t.secret||t.message||t.value)&&!\/[^a-zA-Z0-9]\/.test(t.secret)){for(var s,r,n,a=l.querySelectorAll('iframe[data-secret=\"'+t.secret+'\"]'),o=l.querySelectorAll('blockquote[data-secret=\"'+t.secret+'\"]'),c=new RegExp(\"^https?:$\",\"i\"),i=0;i<o.length;i++)o[i].style.display=\"none\";for(i=0;i<a.length;i++)s=a[i],e.source===s.contentWindow&&(s.removeAttribute(\"style\"),\"height\"===t.message?(1e3<(r=parseInt(t.value,10))?r=1e3:~~r<200&&(r=200),s.height=r):\"link\"===t.message&&(r=new URL(s.getAttribute(\"src\")),n=new URL(t.value),c.test(n.protocol))&&n.host===r.host&&l.activeElement===s&&(d.top.location.href=t.value))}},d.addEventListener(\"message\",d.wp.receiveEmbedMessage,!1),l.addEventListener(\"DOMContentLoaded\",function(){for(var e,t,s=l.querySelectorAll(\"iframe.wp-embedded-content\"),r=0;r<s.length;r++)(t=(e=s[r]).getAttribute(\"data-secret\"))||(t=Math.random().toString(36).substring(2,12),e.src+=\"#?secret=\"+t,e.setAttribute(\"data-secret\",t)),e.contentWindow.postMessage({message:\"ready\",secret:t},\"*\")},!1)))}(window,document);\n\/\/# sourceURL=https:\/\/tempelherrenorden.de\/cms\/wp-includes\/js\/wp-embed.min.js\n\/* ]]> *\/\n<\/script>\n","description":"OBr. Wolf er\u00f6ffnete den Gottesdienst durch die Begr\u00fc\u00dfung der Gottesdienstteilnehmer und geladenen G\u00e4ste. In beeindruckenden pers\u00f6nlichen Worten schilderte er seine wachsende Beziehung zu dieser historischen Kirche aus der Templerzeit und sein Hineinwachsen in den Orden. Die Faszination dieses Weges und die damit verbundene Begeisterung waren die Br\u00fccke, um Interessenten f\u00fcr\u2026 Artikel lesen","thumbnail_url":"https:\/\/tempelherrenorden.de\/cms\/wp-content\/uploads\/2015\/12\/Ansprache-300x225.jpg"}

Gründungsgottesdienst des Ordenshauses Berlin-Brandenburg &#8226; Deutscher Tempelherren-Orden

<blockquote class="wp-embedded-content" data-secret="cDjg554fGX"><a href="https://tempelherrenorden.de/cms/gruendungsgottesdienst-des-ordenshauses-berlin-brandenburg/">Gründungsgottesdienst des Ordenshauses Berlin-Brandenburg</a></blockquote><iframe sandbox="allow-scripts" security="restricted" src="https://tempelherrenorden.de/cms/gruendungsgottesdienst-des-ordenshauses-berlin-brandenburg/embed/#?secret=cDjg554fGX" width="600" height="338" title="&#8222;Gründungsgottesdienst des Ordenshauses Berlin-Brandenburg&#8220; &#8211; Deutscher Tempelherren-Orden" data-secret="cDjg554fGX" frameborder="0" marginwidth="0" marginheight="0" scrolling="no" class="wp-embedded-content"></iframe><script type="text/javascript">
/* <![CDATA[ */
/*! This file is auto-generated */
!function(d,l){"use strict";l.querySelector&&d.addEventListener&&"undefined"!=typeof URL&&(d.wp=d.wp||{},d.wp.receiveEmbedMessage||(d.wp.receiveEmbedMessage=function(e){var t=e.data;if((t||t.secret||t.message||t.value)&&!/[^a-zA-Z0-9]/.test(t.secret)){for(var s,r,n,a=l.querySelectorAll('iframe[data-secret="'+t.secret+'"]'),o=l.querySelectorAll('blockquote[data-secret="'+t.secret+'"]'),c=new RegExp("^https?:$","i"),i=0;i<o.length;i++)o[i].style.display="none";for(i=0;i<a.length;i++)s=a[i],e.source===s.contentWindow&&(s.removeAttribute("style"),"height"===t.message?(1e3<(r=parseInt(t.value,10))?r=1e3:~~r<200&&(r=200),s.height=r):"link"===t.message&&(r=new URL(s.getAttribute("src")),n=new URL(t.value),c.test(n.protocol))&&n.host===r.host&&l.activeElement===s&&(d.top.location.href=t.value))}},d.addEventListener("message",d.wp.receiveEmbedMessage,!1),l.addEventListener("DOMContentLoaded",function(){for(var e,t,s=l.querySelectorAll("iframe.wp-embedded-content"),r=0;r<s.length;r++)(t=(e=s[r]).getAttribute("data-secret"))||(t=Math.random().toString(36).substring(2,12),e.src+="#?secret="+t,e.setAttribute("data-secret",t)),e.contentWindow.postMessage({message:"ready",secret:t},"*")},!1)))}(window,document);
//# sourceURL=https://tempelherrenorden.de/cms/wp-includes/js/wp-embed.min.js
/* ]]> */
</script>

OBr. Wolf eröffnete den Gottesdienst durch die Begrüßung der Gottesdienstteilnehmer und geladenen Gäste. In beeindruckenden persönlichen Worten schilderte er seine wachsende Beziehung zu dieser historischen Kirche aus der Templerzeit und sein Hineinwachsen in den Orden. Die Faszination dieses Weges und die damit verbundene Begeisterung waren die Brücke, um Interessenten für… Artikel lesen
