{"id":1987,"date":"2019-09-29T21:03:06","date_gmt":"2019-09-29T19:03:06","guid":{"rendered":"http:\/\/tempelherrenorden.de\/cms\/?page_id=1987"},"modified":"2022-06-07T13:50:32","modified_gmt":"2022-06-07T11:50:32","slug":"schieds-und-ehrengericht","status":"publish","type":"page","link":"https:\/\/tempelherrenorden.de\/cms\/organisation-des-deutschen-tempelherrenordens\/schieds-und-ehrengericht\/","title":{"rendered":"Schieds- und Ehrengericht"},"content":{"rendered":"\n<h2 class=\"wp-block-heading\">Aufgaben des Schieds- und Ehrengerichts<\/h2>\n\n\n\n<p class=\"wp-block-paragraph\">Das Schieds- und Ehrengericht wird durch die Mitgliederversammlung des Generalkapitels gew\u00e4hlt. Es agiert unabh\u00e4ngig von der Ordensregierung kann von dieser aber mit Aufgaben betraut werden. Wichtigste Aufgabe ist es, w\u00e4hrend des Generalkapitels \u00fcber die satzungsgem\u00e4\u00dfe Durchf\u00fchrung zu wachen. W\u00e4hrend der Wahl der Ordensregierung im Rahmen des Generalkapitels \u00fcbernimmt die oder der Vorsitzende des Schieds- und Ehrengerichts den Vorsitz der Versammlung und leitet die Wahl. Weiterhin ber\u00e4t das Gremium die Ordensregierung in juristischen Fragen. Zur Zeit setzt sich das Schieds- und Ehrengericht aus dem Vorsitzenden Obr. Marcus, sowie Osw. Christine und Obr. Gunnar zusammen.<\/p>\n","protected":false},"excerpt":{"rendered":"<p>Aufgaben des Schieds- und Ehrengerichts Das Schieds- und Ehrengericht wird durch die Mitgliederversammlung des Generalkapitels gew\u00e4hlt. Es agiert unabh\u00e4ngig von der Ordensregierung kann von dieser aber mit Aufgaben betraut werden. Wichtigste Aufgabe ist es, w\u00e4hrend des Generalkapitels \u00fcber die satzungsgem\u00e4\u00dfe Durchf\u00fchrung zu wachen. W\u00e4hrend der Wahl der Ordensregierung im Rahmen\u2026<\/p>\n<p> <a class=\"continue-reading-link\" href=\"https:\/\/tempelherrenorden.de\/cms\/organisation-des-deutschen-tempelherrenordens\/schieds-und-ehrengericht\/\"><span>Artikel lesen<\/span><i class=\"crycon-right-dir\"><\/i><\/a> <\/p>\n","protected":false},"author":10,"featured_media":0,"parent":19,"menu_order":4,"comment_status":"closed","ping_status":"closed","template":"","meta":{"_crdt_document":"","jetpack_post_was_ever_published":false,"footnotes":""},"class_list":["post-1987","page","type-page","status-publish","hentry"],"yoast_head":"<!-- This site is optimized with the Yoast SEO plugin v27.5 - https:\/\/yoast.com\/product\/yoast-seo-wordpress\/ -->\n<title>Schieds- und Ehrengericht &#8226; Deutscher Tempelherren-Orden<\/title>\n<meta name=\"robots\" content=\"index, follow, max-snippet:-1, max-image-preview:large, max-video-preview:-1\" \/>\n<link rel=\"canonical\" href=\"https:\/\/tempelherrenorden.de\/cms\/organisation-des-deutschen-tempelherrenordens\/schieds-und-ehrengericht\/\" \/>\n<meta property=\"og:locale\" content=\"de_DE\" \/>\n<meta property=\"og:type\" content=\"article\" \/>\n<meta property=\"og:title\" content=\"Schieds- und Ehrengericht &#8226; Deutscher Tempelherren-Orden\" \/>\n<meta property=\"og:description\" content=\"Aufgaben des Schieds- und Ehrengerichts Das Schieds- und Ehrengericht wird durch die Mitgliederversammlung des Generalkapitels gew\u00e4hlt. Es agiert unabh\u00e4ngig von der Ordensregierung kann von dieser aber mit Aufgaben betraut werden. Wichtigste Aufgabe ist es, w\u00e4hrend des Generalkapitels \u00fcber die satzungsgem\u00e4\u00dfe Durchf\u00fchrung zu wachen. W\u00e4hrend der Wahl der Ordensregierung im Rahmen\u2026 Artikel lesen\" \/>\n<meta property=\"og:url\" content=\"https:\/\/tempelherrenorden.de\/cms\/organisation-des-deutschen-tempelherrenordens\/schieds-und-ehrengericht\/\" \/>\n<meta property=\"og:site_name\" content=\"Deutscher Tempelherren-Orden\" \/>\n<meta property=\"article:publisher\" content=\"https:\/\/www.facebook.com\/Deutscher-Tempelherren-Orden-OMCT-2054469481490772\/\" \/>\n<meta property=\"article:modified_time\" content=\"2022-06-07T11:50:32+00:00\" \/>\n<meta name=\"twitter:card\" content=\"summary_large_image\" \/>\n<meta name=\"twitter:label1\" content=\"Gesch\u00e4tzte Lesezeit\" \/>\n\t<meta name=\"twitter:data1\" content=\"1\u00a0Minute\" \/>\n<script type=\"application\/ld+json\" class=\"yoast-schema-graph\">{\"@context\":\"https:\\\/\\\/schema.org\",\"@graph\":[{\"@type\":\"WebPage\",\"@id\":\"https:\\\/\\\/tempelherrenorden.de\\\/cms\\\/organisation-des-deutschen-tempelherrenordens\\\/schieds-und-ehrengericht\\\/\",\"url\":\"https:\\\/\\\/tempelherrenorden.de\\\/cms\\\/organisation-des-deutschen-tempelherrenordens\\\/schieds-und-ehrengericht\\\/\",\"name\":\"Schieds- und Ehrengericht &#8226; Deutscher Tempelherren-Orden\",\"isPartOf\":{\"@id\":\"https:\\\/\\\/tempelherrenorden.de\\\/cms\\\/#website\"},\"datePublished\":\"2019-09-29T19:03:06+00:00\",\"dateModified\":\"2022-06-07T11:50:32+00:00\",\"breadcrumb\":{\"@id\":\"https:\\\/\\\/tempelherrenorden.de\\\/cms\\\/organisation-des-deutschen-tempelherrenordens\\\/schieds-und-ehrengericht\\\/#breadcrumb\"},\"inLanguage\":\"de\",\"potentialAction\":[{\"@type\":\"ReadAction\",\"target\":[\"https:\\\/\\\/tempelherrenorden.de\\\/cms\\\/organisation-des-deutschen-tempelherrenordens\\\/schieds-und-ehrengericht\\\/\"]}]},{\"@type\":\"BreadcrumbList\",\"@id\":\"https:\\\/\\\/tempelherrenorden.de\\\/cms\\\/organisation-des-deutschen-tempelherrenordens\\\/schieds-und-ehrengericht\\\/#breadcrumb\",\"itemListElement\":[{\"@type\":\"ListItem\",\"position\":1,\"name\":\"Startseite\",\"item\":\"https:\\\/\\\/tempelherrenorden.de\\\/cms\\\/\"},{\"@type\":\"ListItem\",\"position\":2,\"name\":\"Organisation\",\"item\":\"https:\\\/\\\/tempelherrenorden.de\\\/cms\\\/organisation-des-deutschen-tempelherrenordens\\\/\"},{\"@type\":\"ListItem\",\"position\":3,\"name\":\"Schieds- und Ehrengericht\"}]},{\"@type\":\"WebSite\",\"@id\":\"https:\\\/\\\/tempelherrenorden.de\\\/cms\\\/#website\",\"url\":\"https:\\\/\\\/tempelherrenorden.de\\\/cms\\\/\",\"name\":\"Deutscher Tempelherren-Orden\",\"description\":\"\",\"publisher\":{\"@id\":\"https:\\\/\\\/tempelherrenorden.de\\\/cms\\\/#organization\"},\"potentialAction\":[{\"@type\":\"SearchAction\",\"target\":{\"@type\":\"EntryPoint\",\"urlTemplate\":\"https:\\\/\\\/tempelherrenorden.de\\\/cms\\\/?s={search_term_string}\"},\"query-input\":{\"@type\":\"PropertyValueSpecification\",\"valueRequired\":true,\"valueName\":\"search_term_string\"}}],\"inLanguage\":\"de\"},{\"@type\":\"Organization\",\"@id\":\"https:\\\/\\\/tempelherrenorden.de\\\/cms\\\/#organization\",\"name\":\"Deutscher Tempelherren-Orden OMCT e.V.\",\"url\":\"https:\\\/\\\/tempelherrenorden.de\\\/cms\\\/\",\"logo\":{\"@type\":\"ImageObject\",\"inLanguage\":\"de\",\"@id\":\"https:\\\/\\\/tempelherrenorden.de\\\/cms\\\/#\\\/schema\\\/logo\\\/image\\\/\",\"url\":\"https:\\\/\\\/i0.wp.com\\\/tempelherrenorden.de\\\/cms\\\/wp-content\\\/uploads\\\/2018\\\/01\\\/OMCT-Wappen.jpg?fit=997%2C1198&ssl=1\",\"contentUrl\":\"https:\\\/\\\/i0.wp.com\\\/tempelherrenorden.de\\\/cms\\\/wp-content\\\/uploads\\\/2018\\\/01\\\/OMCT-Wappen.jpg?fit=997%2C1198&ssl=1\",\"width\":997,\"height\":1198,\"caption\":\"Deutscher Tempelherren-Orden OMCT e.V.\"},\"image\":{\"@id\":\"https:\\\/\\\/tempelherrenorden.de\\\/cms\\\/#\\\/schema\\\/logo\\\/image\\\/\"},\"sameAs\":[\"https:\\\/\\\/www.facebook.com\\\/Deutscher-Tempelherren-Orden-OMCT-2054469481490772\\\/\"]}]}<\/script>\n<!-- \/ Yoast SEO plugin. -->","yoast_head_json":{"title":"Schieds- und Ehrengericht &#8226; Deutscher Tempelherren-Orden","robots":{"index":"index","follow":"follow","max-snippet":"max-snippet:-1","max-image-preview":"max-image-preview:large","max-video-preview":"max-video-preview:-1"},"canonical":"https:\/\/tempelherrenorden.de\/cms\/organisation-des-deutschen-tempelherrenordens\/schieds-und-ehrengericht\/","og_locale":"de_DE","og_type":"article","og_title":"Schieds- und Ehrengericht &#8226; Deutscher Tempelherren-Orden","og_description":"Aufgaben des Schieds- und Ehrengerichts Das Schieds- und Ehrengericht wird durch die Mitgliederversammlung des Generalkapitels gew\u00e4hlt. Es agiert unabh\u00e4ngig von der Ordensregierung kann von dieser aber mit Aufgaben betraut werden. Wichtigste Aufgabe ist es, w\u00e4hrend des Generalkapitels \u00fcber die satzungsgem\u00e4\u00dfe Durchf\u00fchrung zu wachen. W\u00e4hrend der Wahl der Ordensregierung im Rahmen\u2026 Artikel lesen","og_url":"https:\/\/tempelherrenorden.de\/cms\/organisation-des-deutschen-tempelherrenordens\/schieds-und-ehrengericht\/","og_site_name":"Deutscher Tempelherren-Orden","article_publisher":"https:\/\/www.facebook.com\/Deutscher-Tempelherren-Orden-OMCT-2054469481490772\/","article_modified_time":"2022-06-07T11:50:32+00:00","twitter_card":"summary_large_image","twitter_misc":{"Gesch\u00e4tzte Lesezeit":"1\u00a0Minute"},"schema":{"@context":"https:\/\/schema.org","@graph":[{"@type":"WebPage","@id":"https:\/\/tempelherrenorden.de\/cms\/organisation-des-deutschen-tempelherrenordens\/schieds-und-ehrengericht\/","url":"https:\/\/tempelherrenorden.de\/cms\/organisation-des-deutschen-tempelherrenordens\/schieds-und-ehrengericht\/","name":"Schieds- und Ehrengericht &#8226; Deutscher Tempelherren-Orden","isPartOf":{"@id":"https:\/\/tempelherrenorden.de\/cms\/#website"},"datePublished":"2019-09-29T19:03:06+00:00","dateModified":"2022-06-07T11:50:32+00:00","breadcrumb":{"@id":"https:\/\/tempelherrenorden.de\/cms\/organisation-des-deutschen-tempelherrenordens\/schieds-und-ehrengericht\/#breadcrumb"},"inLanguage":"de","potentialAction":[{"@type":"ReadAction","target":["https:\/\/tempelherrenorden.de\/cms\/organisation-des-deutschen-tempelherrenordens\/schieds-und-ehrengericht\/"]}]},{"@type":"BreadcrumbList","@id":"https:\/\/tempelherrenorden.de\/cms\/organisation-des-deutschen-tempelherrenordens\/schieds-und-ehrengericht\/#breadcrumb","itemListElement":[{"@type":"ListItem","position":1,"name":"Startseite","item":"https:\/\/tempelherrenorden.de\/cms\/"},{"@type":"ListItem","position":2,"name":"Organisation","item":"https:\/\/tempelherrenorden.de\/cms\/organisation-des-deutschen-tempelherrenordens\/"},{"@type":"ListItem","position":3,"name":"Schieds- und Ehrengericht"}]},{"@type":"WebSite","@id":"https:\/\/tempelherrenorden.de\/cms\/#website","url":"https:\/\/tempelherrenorden.de\/cms\/","name":"Deutscher Tempelherren-Orden","description":"","publisher":{"@id":"https:\/\/tempelherrenorden.de\/cms\/#organization"},"potentialAction":[{"@type":"SearchAction","target":{"@type":"EntryPoint","urlTemplate":"https:\/\/tempelherrenorden.de\/cms\/?s={search_term_string}"},"query-input":{"@type":"PropertyValueSpecification","valueRequired":true,"valueName":"search_term_string"}}],"inLanguage":"de"},{"@type":"Organization","@id":"https:\/\/tempelherrenorden.de\/cms\/#organization","name":"Deutscher Tempelherren-Orden OMCT e.V.","url":"https:\/\/tempelherrenorden.de\/cms\/","logo":{"@type":"ImageObject","inLanguage":"de","@id":"https:\/\/tempelherrenorden.de\/cms\/#\/schema\/logo\/image\/","url":"https:\/\/i0.wp.com\/tempelherrenorden.de\/cms\/wp-content\/uploads\/2018\/01\/OMCT-Wappen.jpg?fit=997%2C1198&ssl=1","contentUrl":"https:\/\/i0.wp.com\/tempelherrenorden.de\/cms\/wp-content\/uploads\/2018\/01\/OMCT-Wappen.jpg?fit=997%2C1198&ssl=1","width":997,"height":1198,"caption":"Deutscher Tempelherren-Orden OMCT e.V."},"image":{"@id":"https:\/\/tempelherrenorden.de\/cms\/#\/schema\/logo\/image\/"},"sameAs":["https:\/\/www.facebook.com\/Deutscher-Tempelherren-Orden-OMCT-2054469481490772\/"]}]}},"jetpack_shortlink":"https:\/\/wp.me\/P5yQvL-w3","jetpack_sharing_enabled":true,"_links":{"self":[{"href":"https:\/\/tempelherrenorden.de\/cms\/wp-json\/wp\/v2\/pages\/1987","targetHints":{"allow":["GET"]}}],"collection":[{"href":"https:\/\/tempelherrenorden.de\/cms\/wp-json\/wp\/v2\/pages"}],"about":[{"href":"https:\/\/tempelherrenorden.de\/cms\/wp-json\/wp\/v2\/types\/page"}],"author":[{"embeddable":true,"href":"https:\/\/tempelherrenorden.de\/cms\/wp-json\/wp\/v2\/users\/10"}],"replies":[{"embeddable":true,"href":"https:\/\/tempelherrenorden.de\/cms\/wp-json\/wp\/v2\/comments?post=1987"}],"version-history":[{"count":4,"href":"https:\/\/tempelherrenorden.de\/cms\/wp-json\/wp\/v2\/pages\/1987\/revisions"}],"predecessor-version":[{"id":4572,"href":"https:\/\/tempelherrenorden.de\/cms\/wp-json\/wp\/v2\/pages\/1987\/revisions\/4572"}],"up":[{"embeddable":true,"href":"https:\/\/tempelherrenorden.de\/cms\/wp-json\/wp\/v2\/pages\/19"}],"wp:attachment":[{"href":"https:\/\/tempelherrenorden.de\/cms\/wp-json\/wp\/v2\/media?parent=1987"}],"curies":[{"name":"wp","href":"https:\/\/api.w.org\/{rel}","templated":true}]}}

<h2 class="wp-block-heading">Aufgaben des Schieds- und Ehrengerichts</h2>



<p class="wp-block-paragraph">Das Schieds- und Ehrengericht wird durch die Mitgliederversammlung des Generalkapitels gewählt. Es agiert unabhängig von der Ordensregierung kann von dieser aber mit Aufgaben betraut werden. Wichtigste Aufgabe ist es, während des Generalkapitels über die satzungsgemäße Durchführung zu wachen. Während der Wahl der Ordensregierung im Rahmen des Generalkapitels übernimmt die oder der Vorsitzende des Schieds- und Ehrengerichts den Vorsitz der Versammlung und leitet die Wahl. Weiterhin berät das Gremium die Ordensregierung in juristischen Fragen. Zur Zeit setzt sich das Schieds- und Ehrengericht aus dem Vorsitzenden Obr. Marcus, sowie Osw. Christine und Obr. Gunnar zusammen.</p>

<p>Aufgaben des Schieds- und Ehrengerichts Das Schieds- und Ehrengericht wird durch die Mitgliederversammlung des Generalkapitels gewählt. Es agiert unabhängig von der Ordensregierung kann von dieser aber mit Aufgaben betraut werden. Wichtigste Aufgabe ist es, während des Generalkapitels über die satzungsgemäße Durchführung zu wachen. Während der Wahl der Ordensregierung im Rahmen…</p>
<p> <a class="continue-reading-link" href="https://tempelherrenorden.de/cms/organisation-des-deutschen-tempelherrenordens/schieds-und-ehrengericht/"><span>Artikel lesen</span><i class="crycon-right-dir"></i></a> </p>

<!-- This site is optimized with the Yoast SEO plugin v27.5 - https://yoast.com/product/yoast-seo-wordpress/ -->
<title>Schieds- und Ehrengericht &#8226; Deutscher Tempelherren-Orden</title>
<meta name="robots" content="index, follow, max-snippet:-1, max-image-preview:large, max-video-preview:-1" />
<link rel="canonical" href="https://tempelherrenorden.de/cms/organisation-des-deutschen-tempelherrenordens/schieds-und-ehrengericht/" />
<meta property="og:locale" content="de_DE" />
<meta property="og:type" content="article" />
<meta property="og:title" content="Schieds- und Ehrengericht &#8226; Deutscher Tempelherren-Orden" />
<meta property="og:description" content="Aufgaben des Schieds- und Ehrengerichts Das Schieds- und Ehrengericht wird durch die Mitgliederversammlung des Generalkapitels gewählt. Es agiert unabhängig von der Ordensregierung kann von dieser aber mit Aufgaben betraut werden. Wichtigste Aufgabe ist es, während des Generalkapitels über die satzungsgemäße Durchführung zu wachen. Während der Wahl der Ordensregierung im Rahmen… Artikel lesen" />
<meta property="og:url" content="https://tempelherrenorden.de/cms/organisation-des-deutschen-tempelherrenordens/schieds-und-ehrengericht/" />
<meta property="og:site_name" content="Deutscher Tempelherren-Orden" />
<meta property="article:publisher" content="https://www.facebook.com/Deutscher-Tempelherren-Orden-OMCT-2054469481490772/" />
<meta property="article:modified_time" content="2022-06-07T11:50:32+00:00" />
<meta name="twitter:card" content="summary_large_image" />
<meta name="twitter:label1" content="Geschätzte Lesezeit" />
	<meta name="twitter:data1" content="1 Minute" />
<script type="application/ld+json" class="yoast-schema-graph">{"@context":"https:\/\/schema.org","@graph":[{"@type":"WebPage","@id":"https:\/\/tempelherrenorden.de\/cms\/organisation-des-deutschen-tempelherrenordens\/schieds-und-ehrengericht\/","url":"https:\/\/tempelherrenorden.de\/cms\/organisation-des-deutschen-tempelherrenordens\/schieds-und-ehrengericht\/","name":"Schieds- und Ehrengericht &#8226; Deutscher Tempelherren-Orden","isPartOf":{"@id":"https:\/\/tempelherrenorden.de\/cms\/#website"},"datePublished":"2019-09-29T19:03:06+00:00","dateModified":"2022-06-07T11:50:32+00:00","breadcrumb":{"@id":"https:\/\/tempelherrenorden.de\/cms\/organisation-des-deutschen-tempelherrenordens\/schieds-und-ehrengericht\/#breadcrumb"},"inLanguage":"de","potentialAction":[{"@type":"ReadAction","target":["https:\/\/tempelherrenorden.de\/cms\/organisation-des-deutschen-tempelherrenordens\/schieds-und-ehrengericht\/"]}]},{"@type":"BreadcrumbList","@id":"https:\/\/tempelherrenorden.de\/cms\/organisation-des-deutschen-tempelherrenordens\/schieds-und-ehrengericht\/#breadcrumb","itemListElement":[{"@type":"ListItem","position":1,"name":"Startseite","item":"https:\/\/tempelherrenorden.de\/cms\/"},{"@type":"ListItem","position":2,"name":"Organisation","item":"https:\/\/tempelherrenorden.de\/cms\/organisation-des-deutschen-tempelherrenordens\/"},{"@type":"ListItem","position":3,"name":"Schieds- und Ehrengericht"}]},{"@type":"WebSite","@id":"https:\/\/tempelherrenorden.de\/cms\/#website","url":"https:\/\/tempelherrenorden.de\/cms\/","name":"Deutscher Tempelherren-Orden","description":"","publisher":{"@id":"https:\/\/tempelherrenorden.de\/cms\/#organization"},"potentialAction":[{"@type":"SearchAction","target":{"@type":"EntryPoint","urlTemplate":"https:\/\/tempelherrenorden.de\/cms\/?s={search_term_string}"},"query-input":{"@type":"PropertyValueSpecification","valueRequired":true,"valueName":"search_term_string"}}],"inLanguage":"de"},{"@type":"Organization","@id":"https:\/\/tempelherrenorden.de\/cms\/#organization","name":"Deutscher Tempelherren-Orden OMCT e.V.","url":"https:\/\/tempelherrenorden.de\/cms\/","logo":{"@type":"ImageObject","inLanguage":"de","@id":"https:\/\/tempelherrenorden.de\/cms\/#\/schema\/logo\/image\/","url":"https:\/\/i0.wp.com\/tempelherrenorden.de\/cms\/wp-content\/uploads\/2018\/01\/OMCT-Wappen.jpg?fit=997%2C1198&ssl=1","contentUrl":"https:\/\/i0.wp.com\/tempelherrenorden.de\/cms\/wp-content\/uploads\/2018\/01\/OMCT-Wappen.jpg?fit=997%2C1198&ssl=1","width":997,"height":1198,"caption":"Deutscher Tempelherren-Orden OMCT e.V."},"image":{"@id":"https:\/\/tempelherrenorden.de\/cms\/#\/schema\/logo\/image\/"},"sameAs":["https:\/\/www.facebook.com\/Deutscher-Tempelherren-Orden-OMCT-2054469481490772\/"]}]}</script>
<!-- / Yoast SEO plugin. -->

Aufgaben des Schieds- und Ehrengerichts Das Schieds- und Ehrengericht wird durch die Mitgliederversammlung des Generalkapitels gewählt. Es agiert unabhängig von der Ordensregierung kann von dieser aber mit Aufgaben betraut werden. Wichtigste Aufgabe ist es, während des Generalkapitels über die satzungsgemäße Durchführung zu wachen. Während der Wahl der Ordensregierung im Rahmen… Artikel lesen
