{"id":3982,"date":"2020-11-14T00:13:45","date_gmt":"2020-11-13T23:13:45","guid":{"rendered":"https:\/\/tempelherrenorden.de\/cms\/?page_id=3982"},"modified":"2024-05-05T15:50:49","modified_gmt":"2024-05-05T13:50:49","slug":"das-chinon-pergament","status":"publish","type":"page","link":"https:\/\/tempelherrenorden.de\/cms\/unsere-geschichte\/das-chinon-pergament\/","title":{"rendered":"Das Chinon Pergament"},"content":{"rendered":"\n<h1 class=\"wp-block-heading\">Das Chinon Pergament<\/h1>\n\n\n\n<p class=\"wp-block-paragraph\">Heute ist Freitag der 13. also genau der richtige Tag um eine Seite \u00fcber das Chinon Pergament zu verfassen. Denn es war ein Freitag, der 13. im Jahre 1307 an dem der Tempel in Paris angegriffen wurde. Die historischen Templer wurden aber nicht von einem Feind angegriffen sondern von dem Franz\u00f6sischen K\u00f6nig Philipp IV. Tats\u00e4chlich geht der heutige Aberglaube, dass Freitag der 13. ein Ungl\u00fcckstag ist, auf diesen Tag zur\u00fcck an dem das Schicksal des historischen Templerordens besiegelt wurde.<\/p>\n\n\n\n<p class=\"wp-block-paragraph\">Im September des Jahres 2001 stie\u00df eine Historikerin auf ein falsch archiviertes Dokument. Bei dem Archiv handelt es sich um das <a href=\"https:\/\/de.wikipedia.org\/wiki\/Vatikanisches_Apostolisches_Archiv\" target=\"_blank\" rel=\"noreferrer noopener\"><strong>Vatikanische<\/strong> <strong>Geheimarchiv<\/strong><\/a> und bei der Historikerin handelt es sich um <strong><a href=\"https:\/\/de.m.wikipedia.org\/wiki\/Barbara_Frale\" target=\"_blank\" rel=\"noreferrer noopener\">Barbara Frale<\/a><\/strong>. Das Dokument vom 17. August 1308 ist heute bekannt unter dem Namen Chinon Pergament und es enth\u00e4lt nichts geringeres als den Freispruch der Templer durch Papst Clemens V.<\/p>\n\n\n\n<blockquote class=\"wp-block-quote is-layout-flow wp-block-quote-is-layout-flow\">\n<p class=\"wp-block-paragraph\">\u201eTrotz aller vom K\u00f6nig Philipp IV. ersonnenen Behinderungen konnte Clemens V. den arglistigen Anklagevorwurf der k\u00f6niglichen Anw\u00e4lte aufdecken. Die Anschuldigungen der Ketzerei und Sodomie bestanden aus Intrigen durch vom K\u00f6nig in dem Orden eingeschleusten Spionen. Nicht zuletzt handelt es sich um den Kampf Philipps IV. gegen die Autorit\u00e4t des Papstes. Nach Monaten kr\u00e4ftezehrender K\u00e4mpfe begriff Papst Clemens V., dass er die Kirche nur retten konnte, wenn er in der Sache der Templer nachgab. Fiel der Orden auch durch die Bulle \u201eVox in excelso\u201c des Papstes im Jahre 1312 der Aufl\u00f6sung definitiv anheim, so konnte Clemens V. doch wenigstens die Unschuld der Tempelritter behaupten, die so viel f\u00fcr das Wohl der Kirche getan hatten.\u201c<\/p>\n<cite>Documenta Vaticana, Archiv Verlag<\/cite><\/blockquote>\n\n\n<div class=\"wp-block-image\">\n<figure class=\"aligncenter size-large\"><a href=\"https:\/\/tempelherrenorden.de\/cms\/?attachment_id=3990\"><img data-recalc-dims=\"1\" loading=\"lazy\" decoding=\"async\" width=\"975\" height=\"1024\" data-attachment-id=\"3990\" data-permalink=\"https:\/\/tempelherrenorden.de\/cms\/unsere-geschichte\/das-chinon-pergament\/chinon_pergament-1\/\" data-orig-file=\"https:\/\/i0.wp.com\/tempelherrenorden.de\/cms\/wp-content\/uploads\/2020\/11\/Chinon_pergament-1.png?fit=1800%2C1890&amp;ssl=1\" data-orig-size=\"1800,1890\" data-comments-opened=\"0\" data-image-meta=\"{&quot;aperture&quot;:&quot;0&quot;,&quot;credit&quot;:&quot;&quot;,&quot;camera&quot;:&quot;&quot;,&quot;caption&quot;:&quot;&quot;,&quot;created_timestamp&quot;:&quot;0&quot;,&quot;copyright&quot;:&quot;&quot;,&quot;focal_length&quot;:&quot;0&quot;,&quot;iso&quot;:&quot;0&quot;,&quot;shutter_speed&quot;:&quot;0&quot;,&quot;title&quot;:&quot;&quot;,&quot;orientation&quot;:&quot;0&quot;}\" data-image-title=\"Chinon Pergament\" data-image-description=\"\" data-image-caption=\"\" data-large-file=\"https:\/\/i0.wp.com\/tempelherrenorden.de\/cms\/wp-content\/uploads\/2020\/11\/Chinon_pergament-1.png?fit=975%2C1024&amp;ssl=1\" src=\"https:\/\/i0.wp.com\/tempelherrenorden.de\/cms\/wp-content\/uploads\/2020\/11\/Chinon_pergament-1.png?resize=975%2C1024&#038;ssl=1\" alt=\"\" class=\"wp-image-3990\" srcset=\"https:\/\/i0.wp.com\/tempelherrenorden.de\/cms\/wp-content\/uploads\/2020\/11\/Chinon_pergament-1.png?resize=975%2C1024&amp;ssl=1 975w, https:\/\/i0.wp.com\/tempelherrenorden.de\/cms\/wp-content\/uploads\/2020\/11\/Chinon_pergament-1.png?resize=286%2C300&amp;ssl=1 286w, https:\/\/i0.wp.com\/tempelherrenorden.de\/cms\/wp-content\/uploads\/2020\/11\/Chinon_pergament-1.png?resize=768%2C806&amp;ssl=1 768w, https:\/\/i0.wp.com\/tempelherrenorden.de\/cms\/wp-content\/uploads\/2020\/11\/Chinon_pergament-1.png?resize=1463%2C1536&amp;ssl=1 1463w, https:\/\/i0.wp.com\/tempelherrenorden.de\/cms\/wp-content\/uploads\/2020\/11\/Chinon_pergament-1.png?resize=143%2C150&amp;ssl=1 143w, https:\/\/i0.wp.com\/tempelherrenorden.de\/cms\/wp-content\/uploads\/2020\/11\/Chinon_pergament-1.png?w=1800&amp;ssl=1 1800w\" sizes=\"auto, (max-width: 975px) 100vw, 975px\" \/><\/a><\/figure>\n<\/div>\n\n\n<p class=\"wp-block-paragraph\"><\/p>\n","protected":false},"excerpt":{"rendered":"<p>Das Chinon Pergament Heute ist Freitag der 13. also genau der richtige Tag um eine Seite \u00fcber das Chinon Pergament zu verfassen. Denn es war ein Freitag, der 13. im Jahre 1307 an dem der Tempel in Paris angegriffen wurde. Die historischen Templer wurden aber nicht von einem Feind angegriffen\u2026<\/p>\n<p> <a class=\"continue-reading-link\" href=\"https:\/\/tempelherrenorden.de\/cms\/unsere-geschichte\/das-chinon-pergament\/\"><span>Artikel lesen<\/span><i class=\"crycon-right-dir\"><\/i><\/a> <\/p>\n","protected":false},"author":7,"featured_media":3990,"parent":2296,"menu_order":0,"comment_status":"closed","ping_status":"closed","template":"templates\/template-onecolumn.php","meta":{"_crdt_document":"","jetpack_post_was_ever_published":false,"footnotes":""},"class_list":["post-3982","page","type-page","status-publish","has-post-thumbnail","hentry"],"yoast_head":"<!-- This site is optimized with the Yoast SEO plugin v27.5 - https:\/\/yoast.com\/product\/yoast-seo-wordpress\/ -->\n<title>Das Chinon Pergament &#8226; Deutscher Tempelherren-Orden<\/title>\n<meta name=\"description\" content=\"Deutscher Tempelherren-Orden &#8226; Das Chinon Pergament enth\u00e4lt nichts geringeres als den Freispruch der Templer durch Papst Clemens V.\" \/>\n<meta name=\"robots\" content=\"index, follow, max-snippet:-1, max-image-preview:large, max-video-preview:-1\" \/>\n<link rel=\"canonical\" href=\"https:\/\/tempelherrenorden.de\/cms\/unsere-geschichte\/das-chinon-pergament\/\" \/>\n<meta property=\"og:locale\" content=\"de_DE\" \/>\n<meta property=\"og:type\" content=\"article\" \/>\n<meta property=\"og:title\" content=\"Das Chinon Pergament &#8226; Deutscher Tempelherren-Orden\" \/>\n<meta property=\"og:description\" content=\"Deutscher Tempelherren-Orden &#8226; Das Chinon Pergament enth\u00e4lt nichts geringeres als den Freispruch der Templer durch Papst Clemens V.\" \/>\n<meta property=\"og:url\" content=\"https:\/\/tempelherrenorden.de\/cms\/unsere-geschichte\/das-chinon-pergament\/\" \/>\n<meta property=\"og:site_name\" content=\"Deutscher Tempelherren-Orden\" \/>\n<meta property=\"article:publisher\" content=\"https:\/\/www.facebook.com\/Deutscher-Tempelherren-Orden-OMCT-2054469481490772\/\" \/>\n<meta property=\"article:modified_time\" content=\"2024-05-05T13:50:49+00:00\" \/>\n<meta property=\"og:image\" content=\"https:\/\/tempelherrenorden.de\/cms\/wp-content\/uploads\/2020\/11\/Chinon_pergament-1-975x1024.png\" \/>\n\t<meta property=\"og:image:width\" content=\"975\" \/>\n\t<meta property=\"og:image:height\" content=\"1024\" \/>\n\t<meta property=\"og:image:type\" content=\"image\/png\" \/>\n<meta name=\"twitter:card\" content=\"summary_large_image\" \/>\n<meta name=\"twitter:label1\" content=\"Gesch\u00e4tzte Lesezeit\" \/>\n\t<meta name=\"twitter:data1\" content=\"2\u00a0Minuten\" \/>\n<script type=\"application\/ld+json\" class=\"yoast-schema-graph\">{\"@context\":\"https:\\\/\\\/schema.org\",\"@graph\":[{\"@type\":\"WebPage\",\"@id\":\"https:\\\/\\\/tempelherrenorden.de\\\/cms\\\/unsere-geschichte\\\/das-chinon-pergament\\\/\",\"url\":\"https:\\\/\\\/tempelherrenorden.de\\\/cms\\\/unsere-geschichte\\\/das-chinon-pergament\\\/\",\"name\":\"Das Chinon Pergament &#8226; Deutscher Tempelherren-Orden\",\"isPartOf\":{\"@id\":\"https:\\\/\\\/tempelherrenorden.de\\\/cms\\\/#website\"},\"primaryImageOfPage\":{\"@id\":\"https:\\\/\\\/tempelherrenorden.de\\\/cms\\\/unsere-geschichte\\\/das-chinon-pergament\\\/#primaryimage\"},\"image\":{\"@id\":\"https:\\\/\\\/tempelherrenorden.de\\\/cms\\\/unsere-geschichte\\\/das-chinon-pergament\\\/#primaryimage\"},\"thumbnailUrl\":\"https:\\\/\\\/i0.wp.com\\\/tempelherrenorden.de\\\/cms\\\/wp-content\\\/uploads\\\/2020\\\/11\\\/Chinon_pergament-1.png?fit=1800%2C1890&ssl=1\",\"datePublished\":\"2020-11-13T23:13:45+00:00\",\"dateModified\":\"2024-05-05T13:50:49+00:00\",\"description\":\"Deutscher Tempelherren-Orden &#8226; Das Chinon Pergament enth\u00e4lt nichts geringeres als den Freispruch der Templer durch Papst Clemens V.\",\"breadcrumb\":{\"@id\":\"https:\\\/\\\/tempelherrenorden.de\\\/cms\\\/unsere-geschichte\\\/das-chinon-pergament\\\/#breadcrumb\"},\"inLanguage\":\"de\",\"potentialAction\":[{\"@type\":\"ReadAction\",\"target\":[\"https:\\\/\\\/tempelherrenorden.de\\\/cms\\\/unsere-geschichte\\\/das-chinon-pergament\\\/\"]}]},{\"@type\":\"ImageObject\",\"inLanguage\":\"de\",\"@id\":\"https:\\\/\\\/tempelherrenorden.de\\\/cms\\\/unsere-geschichte\\\/das-chinon-pergament\\\/#primaryimage\",\"url\":\"https:\\\/\\\/i0.wp.com\\\/tempelherrenorden.de\\\/cms\\\/wp-content\\\/uploads\\\/2020\\\/11\\\/Chinon_pergament-1.png?fit=1800%2C1890&ssl=1\",\"contentUrl\":\"https:\\\/\\\/i0.wp.com\\\/tempelherrenorden.de\\\/cms\\\/wp-content\\\/uploads\\\/2020\\\/11\\\/Chinon_pergament-1.png?fit=1800%2C1890&ssl=1\",\"width\":1800,\"height\":1890,\"caption\":\"Chinon Pergament\"},{\"@type\":\"BreadcrumbList\",\"@id\":\"https:\\\/\\\/tempelherrenorden.de\\\/cms\\\/unsere-geschichte\\\/das-chinon-pergament\\\/#breadcrumb\",\"itemListElement\":[{\"@type\":\"ListItem\",\"position\":1,\"name\":\"Startseite\",\"item\":\"https:\\\/\\\/tempelherrenorden.de\\\/cms\\\/\"},{\"@type\":\"ListItem\",\"position\":2,\"name\":\"Unsere Geschichte\",\"item\":\"https:\\\/\\\/tempelherrenorden.de\\\/cms\\\/unsere-geschichte\\\/\"},{\"@type\":\"ListItem\",\"position\":3,\"name\":\"Das Chinon Pergament\"}]},{\"@type\":\"WebSite\",\"@id\":\"https:\\\/\\\/tempelherrenorden.de\\\/cms\\\/#website\",\"url\":\"https:\\\/\\\/tempelherrenorden.de\\\/cms\\\/\",\"name\":\"Deutscher Tempelherren-Orden\",\"description\":\"\",\"publisher\":{\"@id\":\"https:\\\/\\\/tempelherrenorden.de\\\/cms\\\/#organization\"},\"potentialAction\":[{\"@type\":\"SearchAction\",\"target\":{\"@type\":\"EntryPoint\",\"urlTemplate\":\"https:\\\/\\\/tempelherrenorden.de\\\/cms\\\/?s={search_term_string}\"},\"query-input\":{\"@type\":\"PropertyValueSpecification\",\"valueRequired\":true,\"valueName\":\"search_term_string\"}}],\"inLanguage\":\"de\"},{\"@type\":\"Organization\",\"@id\":\"https:\\\/\\\/tempelherrenorden.de\\\/cms\\\/#organization\",\"name\":\"Deutscher Tempelherren-Orden OMCT e.V.\",\"url\":\"https:\\\/\\\/tempelherrenorden.de\\\/cms\\\/\",\"logo\":{\"@type\":\"ImageObject\",\"inLanguage\":\"de\",\"@id\":\"https:\\\/\\\/tempelherrenorden.de\\\/cms\\\/#\\\/schema\\\/logo\\\/image\\\/\",\"url\":\"https:\\\/\\\/i0.wp.com\\\/tempelherrenorden.de\\\/cms\\\/wp-content\\\/uploads\\\/2018\\\/01\\\/OMCT-Wappen.jpg?fit=997%2C1198&ssl=1\",\"contentUrl\":\"https:\\\/\\\/i0.wp.com\\\/tempelherrenorden.de\\\/cms\\\/wp-content\\\/uploads\\\/2018\\\/01\\\/OMCT-Wappen.jpg?fit=997%2C1198&ssl=1\",\"width\":997,\"height\":1198,\"caption\":\"Deutscher Tempelherren-Orden OMCT e.V.\"},\"image\":{\"@id\":\"https:\\\/\\\/tempelherrenorden.de\\\/cms\\\/#\\\/schema\\\/logo\\\/image\\\/\"},\"sameAs\":[\"https:\\\/\\\/www.facebook.com\\\/Deutscher-Tempelherren-Orden-OMCT-2054469481490772\\\/\"]}]}<\/script>\n<!-- \/ Yoast SEO plugin. -->","yoast_head_json":{"title":"Das Chinon Pergament &#8226; Deutscher Tempelherren-Orden","description":"Deutscher Tempelherren-Orden &#8226; Das Chinon Pergament enth\u00e4lt nichts geringeres als den Freispruch der Templer durch Papst Clemens V.","robots":{"index":"index","follow":"follow","max-snippet":"max-snippet:-1","max-image-preview":"max-image-preview:large","max-video-preview":"max-video-preview:-1"},"canonical":"https:\/\/tempelherrenorden.de\/cms\/unsere-geschichte\/das-chinon-pergament\/","og_locale":"de_DE","og_type":"article","og_title":"Das Chinon Pergament &#8226; Deutscher Tempelherren-Orden","og_description":"Deutscher Tempelherren-Orden &#8226; Das Chinon Pergament enth\u00e4lt nichts geringeres als den Freispruch der Templer durch Papst Clemens V.","og_url":"https:\/\/tempelherrenorden.de\/cms\/unsere-geschichte\/das-chinon-pergament\/","og_site_name":"Deutscher Tempelherren-Orden","article_publisher":"https:\/\/www.facebook.com\/Deutscher-Tempelherren-Orden-OMCT-2054469481490772\/","article_modified_time":"2024-05-05T13:50:49+00:00","og_image":[{"width":975,"height":1024,"url":"https:\/\/tempelherrenorden.de\/cms\/wp-content\/uploads\/2020\/11\/Chinon_pergament-1-975x1024.png","type":"image\/png"}],"twitter_card":"summary_large_image","twitter_misc":{"Gesch\u00e4tzte Lesezeit":"2\u00a0Minuten"},"schema":{"@context":"https:\/\/schema.org","@graph":[{"@type":"WebPage","@id":"https:\/\/tempelherrenorden.de\/cms\/unsere-geschichte\/das-chinon-pergament\/","url":"https:\/\/tempelherrenorden.de\/cms\/unsere-geschichte\/das-chinon-pergament\/","name":"Das Chinon Pergament &#8226; Deutscher Tempelherren-Orden","isPartOf":{"@id":"https:\/\/tempelherrenorden.de\/cms\/#website"},"primaryImageOfPage":{"@id":"https:\/\/tempelherrenorden.de\/cms\/unsere-geschichte\/das-chinon-pergament\/#primaryimage"},"image":{"@id":"https:\/\/tempelherrenorden.de\/cms\/unsere-geschichte\/das-chinon-pergament\/#primaryimage"},"thumbnailUrl":"https:\/\/i0.wp.com\/tempelherrenorden.de\/cms\/wp-content\/uploads\/2020\/11\/Chinon_pergament-1.png?fit=1800%2C1890&ssl=1","datePublished":"2020-11-13T23:13:45+00:00","dateModified":"2024-05-05T13:50:49+00:00","description":"Deutscher Tempelherren-Orden &#8226; Das Chinon Pergament enth\u00e4lt nichts geringeres als den Freispruch der Templer durch Papst Clemens V.","breadcrumb":{"@id":"https:\/\/tempelherrenorden.de\/cms\/unsere-geschichte\/das-chinon-pergament\/#breadcrumb"},"inLanguage":"de","potentialAction":[{"@type":"ReadAction","target":["https:\/\/tempelherrenorden.de\/cms\/unsere-geschichte\/das-chinon-pergament\/"]}]},{"@type":"ImageObject","inLanguage":"de","@id":"https:\/\/tempelherrenorden.de\/cms\/unsere-geschichte\/das-chinon-pergament\/#primaryimage","url":"https:\/\/i0.wp.com\/tempelherrenorden.de\/cms\/wp-content\/uploads\/2020\/11\/Chinon_pergament-1.png?fit=1800%2C1890&ssl=1","contentUrl":"https:\/\/i0.wp.com\/tempelherrenorden.de\/cms\/wp-content\/uploads\/2020\/11\/Chinon_pergament-1.png?fit=1800%2C1890&ssl=1","width":1800,"height":1890,"caption":"Chinon Pergament"},{"@type":"BreadcrumbList","@id":"https:\/\/tempelherrenorden.de\/cms\/unsere-geschichte\/das-chinon-pergament\/#breadcrumb","itemListElement":[{"@type":"ListItem","position":1,"name":"Startseite","item":"https:\/\/tempelherrenorden.de\/cms\/"},{"@type":"ListItem","position":2,"name":"Unsere Geschichte","item":"https:\/\/tempelherrenorden.de\/cms\/unsere-geschichte\/"},{"@type":"ListItem","position":3,"name":"Das Chinon Pergament"}]},{"@type":"WebSite","@id":"https:\/\/tempelherrenorden.de\/cms\/#website","url":"https:\/\/tempelherrenorden.de\/cms\/","name":"Deutscher Tempelherren-Orden","description":"","publisher":{"@id":"https:\/\/tempelherrenorden.de\/cms\/#organization"},"potentialAction":[{"@type":"SearchAction","target":{"@type":"EntryPoint","urlTemplate":"https:\/\/tempelherrenorden.de\/cms\/?s={search_term_string}"},"query-input":{"@type":"PropertyValueSpecification","valueRequired":true,"valueName":"search_term_string"}}],"inLanguage":"de"},{"@type":"Organization","@id":"https:\/\/tempelherrenorden.de\/cms\/#organization","name":"Deutscher Tempelherren-Orden OMCT e.V.","url":"https:\/\/tempelherrenorden.de\/cms\/","logo":{"@type":"ImageObject","inLanguage":"de","@id":"https:\/\/tempelherrenorden.de\/cms\/#\/schema\/logo\/image\/","url":"https:\/\/i0.wp.com\/tempelherrenorden.de\/cms\/wp-content\/uploads\/2018\/01\/OMCT-Wappen.jpg?fit=997%2C1198&ssl=1","contentUrl":"https:\/\/i0.wp.com\/tempelherrenorden.de\/cms\/wp-content\/uploads\/2018\/01\/OMCT-Wappen.jpg?fit=997%2C1198&ssl=1","width":997,"height":1198,"caption":"Deutscher Tempelherren-Orden OMCT e.V."},"image":{"@id":"https:\/\/tempelherrenorden.de\/cms\/#\/schema\/logo\/image\/"},"sameAs":["https:\/\/www.facebook.com\/Deutscher-Tempelherren-Orden-OMCT-2054469481490772\/"]}]}},"jetpack_shortlink":"https:\/\/wp.me\/P5yQvL-12e","jetpack_sharing_enabled":true,"_links":{"self":[{"href":"https:\/\/tempelherrenorden.de\/cms\/wp-json\/wp\/v2\/pages\/3982","targetHints":{"allow":["GET"]}}],"collection":[{"href":"https:\/\/tempelherrenorden.de\/cms\/wp-json\/wp\/v2\/pages"}],"about":[{"href":"https:\/\/tempelherrenorden.de\/cms\/wp-json\/wp\/v2\/types\/page"}],"author":[{"embeddable":true,"href":"https:\/\/tempelherrenorden.de\/cms\/wp-json\/wp\/v2\/users\/7"}],"replies":[{"embeddable":true,"href":"https:\/\/tempelherrenorden.de\/cms\/wp-json\/wp\/v2\/comments?post=3982"}],"version-history":[{"count":11,"href":"https:\/\/tempelherrenorden.de\/cms\/wp-json\/wp\/v2\/pages\/3982\/revisions"}],"predecessor-version":[{"id":5046,"href":"https:\/\/tempelherrenorden.de\/cms\/wp-json\/wp\/v2\/pages\/3982\/revisions\/5046"}],"up":[{"embeddable":true,"href":"https:\/\/tempelherrenorden.de\/cms\/wp-json\/wp\/v2\/pages\/2296"}],"wp:featuredmedia":[{"embeddable":true,"href":"https:\/\/tempelherrenorden.de\/cms\/wp-json\/wp\/v2\/media\/3990"}],"wp:attachment":[{"href":"https:\/\/tempelherrenorden.de\/cms\/wp-json\/wp\/v2\/media?parent=3982"}],"curies":[{"name":"wp","href":"https:\/\/api.w.org\/{rel}","templated":true}]}}