{"id":4011,"date":"2020-11-30T20:12:12","date_gmt":"2020-11-30T19:12:12","guid":{"rendered":"https:\/\/tempelherrenorden.de\/cms\/?page_id=4011"},"modified":"2020-12-03T15:23:00","modified_gmt":"2020-12-03T14:23:00","slug":"moeglichkeiten-zu-spenden","status":"publish","type":"page","link":"https:\/\/tempelherrenorden.de\/cms\/ordenscaritas\/moeglichkeiten-zu-spenden\/","title":{"rendered":"weitere M\u00f6glichkeiten zu Spenden"},"content":{"rendered":"\n<h2 class=\"wp-block-heading\">M\u00f6glichkeiten zu Spenden<\/h2>\n\n\n\n<p class=\"wp-block-paragraph\"><\/p>\n\n\n\n<p class=\"wp-block-paragraph\">Unsere caritativen Projekte k\u00f6nnen wir haupts\u00e4chlich durch die Beitr\u00e4ge unserer Mitglieder durchf\u00fchren. Sollten Ihnen unsere Bem\u00fchungen gefallen, freuen wir uns aber auch \u00fcber jede Unterst\u00fctzung von au\u00dferhalb des Ordens. Wir wollen hier M\u00f6glichkeiten der Unterst\u00fctzung aufzeigen. F\u00fcr eine direkte Spende, zum Beispiel als \u00dcberweisung oder PayPal Zahlung, kann vom Orden eine Spendenbescheinigung zur geltendmachung beim Finanzamt ausgestellt werden.<\/p>\n\n\n\n<p class=\"wp-block-paragraph\">Spenden von Nichtmitgliedern werden zu 100% f\u00fcr unsere caritativen Zwecke verwendet. Die organisatorischen Kosten des Ordens werden ausschlie\u00dflich durch die Beitr\u00e4ge unserer Mitglieder bestritten. Sie k\u00f6nnen bei Ihren Spenden auch ein Besonderes Projekt oder eine Komturei unterst\u00fctzen, geben Sie dies beim Verwendungszweck an. <\/p>\n\n\n\n<p class=\"wp-block-paragraph\">Eine einfache M\u00f6glichkeit zu Spenden ohne Mehrkosten ist das Charity Shopping \u00fcber <a href=\"http:\/\/smile.amazon.de\" target=\"_blank\" rel=\"noreferrer noopener\">smile.amazon.de<\/a> oder <a href=\"http:\/\/wecanhelp.de\" target=\"_blank\" rel=\"noreferrer noopener\">wecanhelp.de<\/a>. Weitere Informationen dazu finden Sie weiter unten auf dieser Seite.<\/p>\n\n\n\n<script src=\"https:\/\/www.wecanhelp.de\/donation_frame.php?org_id=430419002&amp;color=8c0005&amp;border=1\"><\/script>\n\n\n\n<h5 class=\"wp-block-heading\">\u00dcber folgende weitere Spendenm\u00f6glichkeiten k\u00f6nnen Sie sich nachfolgend informieren:<\/h5>\n\n\n\n<ol class=\"wp-block-list\"><li>\u00dcberweisung<\/li><li>Durch Ihren Einkauf bei Amazon k\u00f6nnen Sie uns ohne Mehrkosten unterst\u00fctzen<\/li><li>Spenden Button auf unserer Webseite<\/li><li>Durch Onlineshopping per WeCanHelp.de k\u00f6nnen Sie uns ohne Mehrkosten unterst\u00fctzen<\/li><li>Spende per SMS \u00fcber WeCanHelp.de<\/li><\/ol>\n\n\n\n<hr class=\"wp-block-separator\"\/>\n\n\n\n<h3 class=\"wp-block-heading\">\u00dcberweisung<\/h3>\n\n\n\n<p class=\"wp-block-paragraph\">Spendenkonto:<\/p>\n\n\n\n<p class=\"has-text-align-center wp-block-paragraph\"><strong>Deutscher Tempelherren-Orden OMCT e.V.<br \/>Sparda Bank Hannover<br \/>IBAN: DE45 2509 0500 0000 9226 50 \/ BIC: GENODEF1S09<\/strong><\/p>\n\n\n\n<p class=\"wp-block-paragraph\">\u00dcberweisungen auf unsere Spendenkonto, k\u00f6nnen wir Ihnen mit einer Spendenbescheinigung (Zuwendungsbescheinigung) best\u00e4tigen. Nehmen Sie hierzu Kontakt mit unserem <a href=\"mailto:Ordensschatzmeister@tempelherrenorden.de\">Ordensschatzmeister <\/a>auf.<\/p>\n\n\n\n<hr class=\"wp-block-separator\"\/>\n\n\n\n<h3 class=\"wp-block-heading\">Amazon Smile<\/h3>\n\n\n\n<p class=\"wp-block-paragraph\">AmazonSmile ist eine einfache M\u00f6glichkeit f\u00fcr Amazon-Kunden, mit jedem Einkauf eine Non-Profit-Organisation ihrer Wahl zu unterst\u00fctzen, ohne dass daf\u00fcr Kosten anfallen. Das Programm AmazonSmile ist am 11. November 2016 in Deutschland und \u00d6sterreich gestartet. Amazon-Kunden k\u00f6nnen \u00fcber das Programm eine gemeinn\u00fctzige Organisation mit 0,5 Prozent des Kaufpreises unterst\u00fctzen. (Quelle: <a rel=\"noreferrer noopener\" aria-label=\" (\u00f6ffnet in neuem Tab)\" href=\"https:\/\/www.stifter-helfen.de\/hilfe\/amazonsmile\" target=\"_blank\">Stifter Helfen<\/a>)<\/p>\n\n\n\n<div id=\"amznCharityBanner\"><script type=\"text\/javascript\">(function() {var iFrame = document.createElement('iframe'); iFrame.style.display = 'none'; iFrame.style.border = \"none\"; iFrame.width = 310; iFrame.height = 256; iFrame.setAttribute && iFrame.setAttribute('scrolling', 'no'); iFrame.setAttribute('frameborder', '0'); setTimeout(function() {var contents = (iFrame.contentWindow) ? iFrame.contentWindow : (iFrame.contentDocument.document) ? iFrame.contentDocument.document : iFrame.contentDocument; contents.document.open(); contents.document.write(decodeURIComponent(\"%3Cdiv%20id%3D%22amznCharityBannerInner%22%3E%3Ca%20href%3D%22https%3A%2F%2Fsmile.amazon.de%2Fch%2F23-210-09823%22%20target%3D%22_blank%22%3E%3Cdiv%20class%3D%22text%22%20height%3D%22%22%3E%3Cdiv%20class%3D%22support-wrapper%22%3E%3Cdiv%20class%3D%22support%22%20style%3D%22font-size%3A%2022px%3B%20line-height%3A%2025px%3B%20margin-top%3A%206.5px%3B%20margin-bottom%3A%200px%3B%22%3EUnterst%C3%BCtzen%20Sie%20%3Cspan%20id%3D%22charity-name%22%20style%3D%22display%3A%20inline-block%3B%22%3EDeutscher%20Tempelherren-Orden%20OMCT%20e.V.%2C%3C%2Fspan%3E%3C%2Fdiv%3E%3C%2Fdiv%3E%3Cdiv%20class%3D%22when-shop%22%3Eindem%20Sie%20auf%20%3Cb%3Esmile.amazon.de%3C%2Fb%3E%3C%2Fdiv%3E%3Cdiv%20class%3D%22donates%22%3E%20einkaufen.%3C%2Fdiv%3E%3C%2Fdiv%3E%3C%2Fa%3E%3C%2Fdiv%3E%3Cstyle%3E%23amznCharityBannerInner%7Bbackground-image%3Aurl(https%3A%2F%2Fm.media-amazon.com%2Fimages%2FG%2F03%2Fx-locale%2Fpaladin%2Fcharitycentral%2Fbanner-background-image._CB526390082_.png)%3Bwidth%3A300px%3Bheight%3A250px%3Bposition%3Arelative%7D%23amznCharityBannerInner%20a%7Bdisplay%3Ablock%3Bwidth%3A100%25%3Bheight%3A100%25%3Bposition%3Arelative%3Bcolor%3A%23000%3Btext-decoration%3Anone%7D.text%7Bposition%3Aabsolute%3Btop%3A20px%3Bleft%3A15px%3Bright%3A15px%3Bbottom%3A100px%7D.support-wrapper%7Boverflow%3Ahidden%3Bmax-height%3A86px%7D.support%7Bfont-family%3AArial%2Csans%3Bfont-weight%3A700%3Bline-height%3A28px%3Bfont-size%3A25px%3Bcolor%3A%23333%3Btext-align%3Acenter%3Bmargin%3A0%3Bpadding%3A0%3Bbackground%3A0%200%7D.when-shop%7Bfont-family%3AArial%2Csans%3Bfont-size%3A15px%3Bfont-weight%3A400%3Bline-height%3A15px%3Bcolor%3A%23333%3Btext-align%3Acenter%3Bmargin%3A0%3Bpadding%3A0%3Bbackground%3A0%200%7D.donates%7Bfont-family%3AArial%2Csans%3Bfont-size%3A15px%3Bfont-weight%3A400%3Bline-height%3A21px%3Bcolor%3A%23333%3Btext-align%3Acenter%3Bmargin%3A0%3Bpadding%3A0%3Bbackground%3A0%200%7D%3C%2Fstyle%3E\")); contents.document.close(); iFrame.style.display = 'block';}); document.getElementById('amznCharityBanner').appendChild(iFrame); })(); <\/script><\/div>\n\n\n\n<hr class=\"wp-block-separator\"\/>\n\n\n\n<h3 class=\"wp-block-heading\">WeCanHelp<\/h3>\n\n\n\n<p class=\"wp-block-paragraph\">WeCanHelp.de ist die Schwesterseite von Bildungsspender.de und geh\u00f6rt zu den erfolgreichsten Charity-Kauf-Plattformen in Deutschland. Das Prinzip: Ohne Mehrkosten beim Online-Shopping helfen. Der Nutzer kauft wie gewohnt ein und w\u00e4hlt eine Einrichtung oder Projektgruppe aus, die finanziell mit Hilfe des Geldes der Shops unterst\u00fctzt wird. <\/p>\n\n\n\n<p class=\"wp-block-paragraph\">\u00dcber den Charity-Kauf hinaus bietet Bildungsspender seinen Einrichtungen auch ein kostenfreies Online-Spendenformular und einen kostenfreien Charity-SMS-Dienst an. Bildungsspender selbst ist gemeinn\u00fctzig und arbeitet nicht gewinnorientiert. Die Finanzierung erfolgt \u00fcber einen 10-prozentigen Anteil aus den Erl\u00f6sen der Charity-K\u00e4ufe &#8211; eine faire und transparente Regelung.  (Quelle: <a href=\"https:\/\/www.wecanhelp.de\/tempelherrenorden\/ueberuns\">WeCanHelp<\/a>)<\/p>\n\n\n\n<p class=\"wp-block-paragraph\">F\u00fcr direkte Spenden \u00fcber unseren Partner WeCanHelp, k\u00f6nnen die Zuwendungsbescheinigungen nur von WeCanHelp ausgestellt werden. W\u00fcnschen Sie eine Zuwendungsbescheinigung geben Sie dies bitte bei den Spenden \u00fcber unseren Partner WeCanHelp im Zuge des Spendenprozesses mit an. <\/p>\n\n\n\n<h4 class=\"wp-block-heading\">Charity Shopping<\/h4>\n\n\n\n<p class=\"wp-block-paragraph\">Jetzt beim Einkauf  bei \u00fcber 6.028 Shops und Dienstleistern den Deutschen Tempelherren-Orden unterst\u00fctzen. Der Einkauf wird dadurch keinen Cent teurer. Insgesamt wurden \u00fcber WeCanHelp bereits schon \u00fcber 8,68 Mio. \u20ac gesammelt.  Wir sind ein Teil davon.<\/p>\n\n\n\n<!-- Anfang WeCanHelp -->\n<iframe loading=\"lazy\" src=\"https:\/\/www.bildungsspender.org\/extern\/wch\/spendenstandbanner.php?kt=430419002&amp;url=tempelherrenorden\" scrolling=\"no\" width=\"200\" height=\"150\" frameborder=\"0\"> <\/iframe><br \/>\n<!-- Ende WeCanHelp -->\n\n\n\n<h4 class=\"wp-block-heading\">Spenden Button<\/h4>\n\n\n\n<p class=\"wp-block-paragraph\">\u00dcber unseren Spendenbutton oben auf unserer Website ist eine direkte Spende an unseren Orden m\u00f6glich. Auch hier arbeiten wir mit WeCanHelp zusammen die uns die Infrastruktur f\u00fcr die Akzeptanz der verschiedenen Zahlungsmittel zur Verf\u00fcgung stellen.<\/p>\n\n\n\n<h4 class=\"wp-block-heading\">Charity-SMS<\/h4>\n\n\n\n<p class=\"wp-block-paragraph\">\u00dcber unseren Partner WeCanHelp geben wir die M\u00f6glichkeit, per Charity-SMS zu helfen.<\/p>\n\n\n\n<p class=\"wp-block-paragraph\">Die Zuordnung der SMSen findet \u00fcber Schlagworte statt. Wir haben die Schlagworte GIB3 f\u00fcr 3 Euro, GIB5 f\u00fcr 5 Euro und GIB9 f\u00fcr 9 Euro. Um die SMS zuordnen zu k\u00f6nnen, muss dahinter noch das SMS-Kennwort eingegeben werden. Unser Kennwort lautet  <strong>TEMPELHERRENORDEN<\/strong> .<\/p>\n\n\n\n<p class=\"wp-block-paragraph\">Ein Beispiel:<\/p>\n\n\n\n<p class=\"wp-block-paragraph\">Um&nbsp;<strong>mit 3 Euro<\/strong>&nbsp;zu helfen, muss&nbsp;<strong>GIB3 TEMPELHERRENORDEN<\/strong>&nbsp;an die Kurzwahl&nbsp;<strong>81190<\/strong>&nbsp;geschickt werden.<\/p>\n\n\n\n<p class=\"wp-block-paragraph\">Um&nbsp;<strong>mit 5 Euro&nbsp;<\/strong>zu helfen, muss&nbsp;<strong>GIB5&nbsp;TEMPELHERRENORDEN&nbsp;<\/strong>an die Kurzwahl&nbsp;<strong>81190<\/strong>&nbsp;geschickt werden.<\/p>\n\n\n\n<p class=\"wp-block-paragraph\">Um&nbsp;<strong>mit 9 Euro<\/strong>&nbsp;zu helfen, muss&nbsp;<strong>GIB9 TEMPELHERRENORDEN<\/strong>&nbsp;an die Kurzwahl&nbsp;<strong>81190<\/strong>&nbsp;geschickt werden.<\/p>\n\n\n\n<p class=\"wp-block-paragraph\">(S\u00e4mtliche &#8222;Vertipper&#8220; wie Gib5 TEMPELHERRENORDEN, Gib5TEMPELHERRENORDEN, Gib 5 TEMPELHERRENORDEN werden vom System erkannt und richtig zugeordnet.)<\/p>\n\n\n\n<p class=\"wp-block-paragraph\">Die Kosten der SMS betragen 3,17 Euro bzw. 5,17 Euro bzw. 9,17 Euro zzgl. der SMS-Kosten, die der Mobilfunkanbieter des Absenders f\u00fcr eine normale SMS berechnet.<\/p>\n\n\n\n<p class=\"wp-block-paragraph\">Der Eingang wird stellvertretend von Bildungsspender \/ WeCanHelp per SMS best\u00e4tigt. (Wer keine Best\u00e4tigung per SMS erh\u00e4lt, hat bei Prepaid-Karten kein ausreichendes Guthaben, mobiles Bezahlen ist nicht aktiviert oder Premium-SMS-Dienste sind innerhalb des Handyvertrags deaktiviert.)<\/p>\n\n\n\n<p class=\"wp-block-paragraph\">WeCanHelp berechnet f\u00fcr die Nutzung der Charity-SMS keine eigene Geb\u00fchr. Der Betrag von jeweils 3, 5 oder 9 Euro geht vollst\u00e4ndig an den Deutschen Tempelherren-Orden OMCT e.V.. Die zus\u00e4tzlichen geb\u00fchren von 17 Eurocent ergeben sich durch den Servicepartner mit dem WeCanHelp f\u00fcr die Charity-SMS zusammenarbeitet sowie dem individuellen Mobilfunktarif abh\u00e4ngig vom pers\u00f6nlichen Mobilfunktarif.<\/p>\n","protected":false},"excerpt":{"rendered":"<p>M\u00f6glichkeiten zu Spenden Unsere caritativen Projekte k\u00f6nnen wir haupts\u00e4chlich durch die Beitr\u00e4ge unserer Mitglieder durchf\u00fchren. Sollten Ihnen unsere Bem\u00fchungen gefallen, freuen wir uns aber auch \u00fcber jede Unterst\u00fctzung von au\u00dferhalb des Ordens. Wir wollen hier M\u00f6glichkeiten der Unterst\u00fctzung aufzeigen. F\u00fcr eine direkte Spende, zum Beispiel als \u00dcberweisung oder PayPal Zahlung,\u2026<\/p>\n<p> <a class=\"continue-reading-link\" href=\"https:\/\/tempelherrenorden.de\/cms\/ordenscaritas\/moeglichkeiten-zu-spenden\/\"><span>Artikel lesen<\/span><i class=\"crycon-right-dir\"><\/i><\/a> <\/p>\n","protected":false},"author":10,"featured_media":0,"parent":977,"menu_order":3,"comment_status":"closed","ping_status":"closed","template":"templates\/template-onecolumn.php","meta":{"_crdt_document":"","jetpack_post_was_ever_published":false,"footnotes":""},"class_list":["post-4011","page","type-page","status-publish","hentry"],"yoast_head":"<!-- This site is optimized with the Yoast SEO plugin v27.5 - https:\/\/yoast.com\/product\/yoast-seo-wordpress\/ -->\n<title>weitere M\u00f6glichkeiten zu Spenden &#8226; Deutscher Tempelherren-Orden<\/title>\n<meta name=\"robots\" content=\"index, follow, max-snippet:-1, max-image-preview:large, max-video-preview:-1\" \/>\n<link rel=\"canonical\" href=\"https:\/\/tempelherrenorden.de\/cms\/ordenscaritas\/moeglichkeiten-zu-spenden\/\" \/>\n<meta property=\"og:locale\" content=\"de_DE\" \/>\n<meta property=\"og:type\" content=\"article\" \/>\n<meta property=\"og:title\" content=\"weitere M\u00f6glichkeiten zu Spenden &#8226; Deutscher Tempelherren-Orden\" \/>\n<meta property=\"og:description\" content=\"M\u00f6glichkeiten zu Spenden Unsere caritativen Projekte k\u00f6nnen wir haupts\u00e4chlich durch die Beitr\u00e4ge unserer Mitglieder durchf\u00fchren. Sollten Ihnen unsere Bem\u00fchungen gefallen, freuen wir uns aber auch \u00fcber jede Unterst\u00fctzung von au\u00dferhalb des Ordens. Wir wollen hier M\u00f6glichkeiten der Unterst\u00fctzung aufzeigen. F\u00fcr eine direkte Spende, zum Beispiel als \u00dcberweisung oder PayPal Zahlung,\u2026 Artikel lesen\" \/>\n<meta property=\"og:url\" content=\"https:\/\/tempelherrenorden.de\/cms\/ordenscaritas\/moeglichkeiten-zu-spenden\/\" \/>\n<meta property=\"og:site_name\" content=\"Deutscher Tempelherren-Orden\" \/>\n<meta property=\"article:publisher\" content=\"https:\/\/www.facebook.com\/Deutscher-Tempelherren-Orden-OMCT-2054469481490772\/\" \/>\n<meta property=\"article:modified_time\" content=\"2020-12-03T14:23:00+00:00\" \/>\n<meta name=\"twitter:card\" content=\"summary_large_image\" \/>\n<meta name=\"twitter:label1\" content=\"Gesch\u00e4tzte Lesezeit\" \/>\n\t<meta name=\"twitter:data1\" content=\"4\u00a0Minuten\" \/>\n<script type=\"application\/ld+json\" class=\"yoast-schema-graph\">{\"@context\":\"https:\\\/\\\/schema.org\",\"@graph\":[{\"@type\":\"WebPage\",\"@id\":\"https:\\\/\\\/tempelherrenorden.de\\\/cms\\\/ordenscaritas\\\/moeglichkeiten-zu-spenden\\\/\",\"url\":\"https:\\\/\\\/tempelherrenorden.de\\\/cms\\\/ordenscaritas\\\/moeglichkeiten-zu-spenden\\\/\",\"name\":\"weitere M\u00f6glichkeiten zu Spenden &#8226; Deutscher Tempelherren-Orden\",\"isPartOf\":{\"@id\":\"https:\\\/\\\/tempelherrenorden.de\\\/cms\\\/#website\"},\"datePublished\":\"2020-11-30T19:12:12+00:00\",\"dateModified\":\"2020-12-03T14:23:00+00:00\",\"breadcrumb\":{\"@id\":\"https:\\\/\\\/tempelherrenorden.de\\\/cms\\\/ordenscaritas\\\/moeglichkeiten-zu-spenden\\\/#breadcrumb\"},\"inLanguage\":\"de\",\"potentialAction\":[{\"@type\":\"ReadAction\",\"target\":[\"https:\\\/\\\/tempelherrenorden.de\\\/cms\\\/ordenscaritas\\\/moeglichkeiten-zu-spenden\\\/\"]}]},{\"@type\":\"BreadcrumbList\",\"@id\":\"https:\\\/\\\/tempelherrenorden.de\\\/cms\\\/ordenscaritas\\\/moeglichkeiten-zu-spenden\\\/#breadcrumb\",\"itemListElement\":[{\"@type\":\"ListItem\",\"position\":1,\"name\":\"Startseite\",\"item\":\"https:\\\/\\\/tempelherrenorden.de\\\/cms\\\/\"},{\"@type\":\"ListItem\",\"position\":2,\"name\":\"Ordenscaritas\",\"item\":\"https:\\\/\\\/tempelherrenorden.de\\\/cms\\\/ordenscaritas\\\/\"},{\"@type\":\"ListItem\",\"position\":3,\"name\":\"weitere M\u00f6glichkeiten zu Spenden\"}]},{\"@type\":\"WebSite\",\"@id\":\"https:\\\/\\\/tempelherrenorden.de\\\/cms\\\/#website\",\"url\":\"https:\\\/\\\/tempelherrenorden.de\\\/cms\\\/\",\"name\":\"Deutscher Tempelherren-Orden\",\"description\":\"\",\"publisher\":{\"@id\":\"https:\\\/\\\/tempelherrenorden.de\\\/cms\\\/#organization\"},\"potentialAction\":[{\"@type\":\"SearchAction\",\"target\":{\"@type\":\"EntryPoint\",\"urlTemplate\":\"https:\\\/\\\/tempelherrenorden.de\\\/cms\\\/?s={search_term_string}\"},\"query-input\":{\"@type\":\"PropertyValueSpecification\",\"valueRequired\":true,\"valueName\":\"search_term_string\"}}],\"inLanguage\":\"de\"},{\"@type\":\"Organization\",\"@id\":\"https:\\\/\\\/tempelherrenorden.de\\\/cms\\\/#organization\",\"name\":\"Deutscher Tempelherren-Orden OMCT e.V.\",\"url\":\"https:\\\/\\\/tempelherrenorden.de\\\/cms\\\/\",\"logo\":{\"@type\":\"ImageObject\",\"inLanguage\":\"de\",\"@id\":\"https:\\\/\\\/tempelherrenorden.de\\\/cms\\\/#\\\/schema\\\/logo\\\/image\\\/\",\"url\":\"https:\\\/\\\/i0.wp.com\\\/tempelherrenorden.de\\\/cms\\\/wp-content\\\/uploads\\\/2018\\\/01\\\/OMCT-Wappen.jpg?fit=997%2C1198&ssl=1\",\"contentUrl\":\"https:\\\/\\\/i0.wp.com\\\/tempelherrenorden.de\\\/cms\\\/wp-content\\\/uploads\\\/2018\\\/01\\\/OMCT-Wappen.jpg?fit=997%2C1198&ssl=1\",\"width\":997,\"height\":1198,\"caption\":\"Deutscher Tempelherren-Orden OMCT e.V.\"},\"image\":{\"@id\":\"https:\\\/\\\/tempelherrenorden.de\\\/cms\\\/#\\\/schema\\\/logo\\\/image\\\/\"},\"sameAs\":[\"https:\\\/\\\/www.facebook.com\\\/Deutscher-Tempelherren-Orden-OMCT-2054469481490772\\\/\"]}]}<\/script>\n<!-- \/ Yoast SEO plugin. -->","yoast_head_json":{"title":"weitere M\u00f6glichkeiten zu Spenden &#8226; Deutscher Tempelherren-Orden","robots":{"index":"index","follow":"follow","max-snippet":"max-snippet:-1","max-image-preview":"max-image-preview:large","max-video-preview":"max-video-preview:-1"},"canonical":"https:\/\/tempelherrenorden.de\/cms\/ordenscaritas\/moeglichkeiten-zu-spenden\/","og_locale":"de_DE","og_type":"article","og_title":"weitere M\u00f6glichkeiten zu Spenden &#8226; Deutscher Tempelherren-Orden","og_description":"M\u00f6glichkeiten zu Spenden Unsere caritativen Projekte k\u00f6nnen wir haupts\u00e4chlich durch die Beitr\u00e4ge unserer Mitglieder durchf\u00fchren. Sollten Ihnen unsere Bem\u00fchungen gefallen, freuen wir uns aber auch \u00fcber jede Unterst\u00fctzung von au\u00dferhalb des Ordens. Wir wollen hier M\u00f6glichkeiten der Unterst\u00fctzung aufzeigen. F\u00fcr eine direkte Spende, zum Beispiel als \u00dcberweisung oder PayPal Zahlung,\u2026 Artikel lesen","og_url":"https:\/\/tempelherrenorden.de\/cms\/ordenscaritas\/moeglichkeiten-zu-spenden\/","og_site_name":"Deutscher Tempelherren-Orden","article_publisher":"https:\/\/www.facebook.com\/Deutscher-Tempelherren-Orden-OMCT-2054469481490772\/","article_modified_time":"2020-12-03T14:23:00+00:00","twitter_card":"summary_large_image","twitter_misc":{"Gesch\u00e4tzte Lesezeit":"4\u00a0Minuten"},"schema":{"@context":"https:\/\/schema.org","@graph":[{"@type":"WebPage","@id":"https:\/\/tempelherrenorden.de\/cms\/ordenscaritas\/moeglichkeiten-zu-spenden\/","url":"https:\/\/tempelherrenorden.de\/cms\/ordenscaritas\/moeglichkeiten-zu-spenden\/","name":"weitere M\u00f6glichkeiten zu Spenden &#8226; Deutscher Tempelherren-Orden","isPartOf":{"@id":"https:\/\/tempelherrenorden.de\/cms\/#website"},"datePublished":"2020-11-30T19:12:12+00:00","dateModified":"2020-12-03T14:23:00+00:00","breadcrumb":{"@id":"https:\/\/tempelherrenorden.de\/cms\/ordenscaritas\/moeglichkeiten-zu-spenden\/#breadcrumb"},"inLanguage":"de","potentialAction":[{"@type":"ReadAction","target":["https:\/\/tempelherrenorden.de\/cms\/ordenscaritas\/moeglichkeiten-zu-spenden\/"]}]},{"@type":"BreadcrumbList","@id":"https:\/\/tempelherrenorden.de\/cms\/ordenscaritas\/moeglichkeiten-zu-spenden\/#breadcrumb","itemListElement":[{"@type":"ListItem","position":1,"name":"Startseite","item":"https:\/\/tempelherrenorden.de\/cms\/"},{"@type":"ListItem","position":2,"name":"Ordenscaritas","item":"https:\/\/tempelherrenorden.de\/cms\/ordenscaritas\/"},{"@type":"ListItem","position":3,"name":"weitere M\u00f6glichkeiten zu Spenden"}]},{"@type":"WebSite","@id":"https:\/\/tempelherrenorden.de\/cms\/#website","url":"https:\/\/tempelherrenorden.de\/cms\/","name":"Deutscher Tempelherren-Orden","description":"","publisher":{"@id":"https:\/\/tempelherrenorden.de\/cms\/#organization"},"potentialAction":[{"@type":"SearchAction","target":{"@type":"EntryPoint","urlTemplate":"https:\/\/tempelherrenorden.de\/cms\/?s={search_term_string}"},"query-input":{"@type":"PropertyValueSpecification","valueRequired":true,"valueName":"search_term_string"}}],"inLanguage":"de"},{"@type":"Organization","@id":"https:\/\/tempelherrenorden.de\/cms\/#organization","name":"Deutscher Tempelherren-Orden OMCT e.V.","url":"https:\/\/tempelherrenorden.de\/cms\/","logo":{"@type":"ImageObject","inLanguage":"de","@id":"https:\/\/tempelherrenorden.de\/cms\/#\/schema\/logo\/image\/","url":"https:\/\/i0.wp.com\/tempelherrenorden.de\/cms\/wp-content\/uploads\/2018\/01\/OMCT-Wappen.jpg?fit=997%2C1198&ssl=1","contentUrl":"https:\/\/i0.wp.com\/tempelherrenorden.de\/cms\/wp-content\/uploads\/2018\/01\/OMCT-Wappen.jpg?fit=997%2C1198&ssl=1","width":997,"height":1198,"caption":"Deutscher Tempelherren-Orden OMCT e.V."},"image":{"@id":"https:\/\/tempelherrenorden.de\/cms\/#\/schema\/logo\/image\/"},"sameAs":["https:\/\/www.facebook.com\/Deutscher-Tempelherren-Orden-OMCT-2054469481490772\/"]}]}},"jetpack_shortlink":"https:\/\/wp.me\/P5yQvL-12H","jetpack_sharing_enabled":true,"_links":{"self":[{"href":"https:\/\/tempelherrenorden.de\/cms\/wp-json\/wp\/v2\/pages\/4011","targetHints":{"allow":["GET"]}}],"collection":[{"href":"https:\/\/tempelherrenorden.de\/cms\/wp-json\/wp\/v2\/pages"}],"about":[{"href":"https:\/\/tempelherrenorden.de\/cms\/wp-json\/wp\/v2\/types\/page"}],"author":[{"embeddable":true,"href":"https:\/\/tempelherrenorden.de\/cms\/wp-json\/wp\/v2\/users\/10"}],"replies":[{"embeddable":true,"href":"https:\/\/tempelherrenorden.de\/cms\/wp-json\/wp\/v2\/comments?post=4011"}],"version-history":[{"count":12,"href":"https:\/\/tempelherrenorden.de\/cms\/wp-json\/wp\/v2\/pages\/4011\/revisions"}],"predecessor-version":[{"id":4056,"href":"https:\/\/tempelherrenorden.de\/cms\/wp-json\/wp\/v2\/pages\/4011\/revisions\/4056"}],"up":[{"embeddable":true,"href":"https:\/\/tempelherrenorden.de\/cms\/wp-json\/wp\/v2\/pages\/977"}],"wp:attachment":[{"href":"https:\/\/tempelherrenorden.de\/cms\/wp-json\/wp\/v2\/media?parent=4011"}],"curies":[{"name":"wp","href":"https:\/\/api.w.org\/{rel}","templated":true}]}}